14 + 196 = 0. Let k = h - c. Is k a composite number?
False
Let p(u) = -u**2 + 3*u - 1. Let v(n) = -n**2 + 3*n - 1. Let x(f) = 2*p(f) - 3*v(f). Let a be x(3). Let m = 15 - a. Is m a composite number?
True
Let y(s) = -73*s + 1. Is y(-6) a prime number?
True
Let t(z) = 80*z - 5. Is t(2) a prime number?
False
Let s(y) = 24*y + 15. Is s(12) a composite number?
True
Suppose 4*f = -3*y + 4071, -4*y - y = 3*f - 6796. Is y prime?
True
Suppose 2*u = -u + 9, -3*u = d - 3008. Is d composite?
False
Let p(o) = 5*o**2 + 1. Is p(2) prime?
False
Let z(j) = -110*j - 2. Is z(-2) prime?
False
Is (-2 - -4)*3544/16 a prime number?
True
Suppose h - 2*h + 6 = 0. Let r = 10 - h. Suppose -4*p = -r, 0 = -i - 2*p + p + 50. Is i prime?
False
Let b(k) = -19*k + 9. Let s(m) = 29*m - 14. Let c(v) = 7*b(v) + 5*s(v). Is c(5) a composite number?
False
Let y(w) = 2*w**2. Let x be y(-1). Let o(d) = -6*d**2 + d**3 + 9*d - 7 - x*d - 3*d**2 + 2*d. Is o(9) prime?
False
Let c = -5784 - -9881. Is c a prime number?
False
Let l = -3 + 8. Suppose 3 = -0*w - w + n, -l*w - n + 9 = 0. Is w + (230 - 0) + 2 a composite number?
False
Let w(k) = -k + 2. Let f be w(7). Let u = 27 + f. Is u prime?
False
Suppose 4*y - 478 = -42. Is y a prime number?
True
Is 1*(-4)/(-12)*1113 a prime number?
False
Suppose 0 = -z + 5*z. Suppose -5*b + 3*c = -1025, -4*b = -z*c - 3*c - 820. Is b a prime number?
False
Let y(b) = -21*b**3 - 25*b**3 + 2*b + 1 + b + 9*b**3 - b**2. Is y(-2) a composite number?
True
Suppose 7*j - 3*j = 136. Suppose -h = -j - 0. Is h composite?
True
Suppose 0 = -2*v + 689 - 143. Suppose 0 = p + 2*p - v. Is p composite?
True
Let v(m) = 56*m**2 + m. Is v(-1) a composite number?
True
Let s(u) = -u**3 + 3*u**2 - u. Let n be s(2). Let q(y) = -n - 6*y**2 - 5*y + 13*y**2 + 3*y + 13*y**2. Is q(2) a composite number?
True
Let x be -2 - (0 - 0)/2. Let f be 148/3 - x/3. Suppose -10 - f = -4*k. Is k a prime number?
False
Let b be 3/(-9)*-3*4. Is -6 + 16/b - -471 a prime number?
False
Let r(o) = -6*o**3 - o - 1. Let k be r(-1). Suppose k*c = 2*c + 132. Is c composite?
True
Suppose 0 = -3*k + 6, 5*o + 5*k - 465 - 2340 = 0. Is o a composite number?
True
Let t = 5763 - -15326. Is t a composite number?
False
Is 4608/(1 - -3) + -1 composite?
False
Let v be (-2)/13 + (-238)/(-26). Let y be 9/4*(v - -135). Let c = -213 + y. Is c composite?
True
Let j be ((-14)/4)/(1/(-2)). Suppose -4*z + j*z - 537 = 0. Is z a composite number?
False
Let g be (-1778)/(-8) - (-2)/(-8). Let r = -133 + g. Is r a prime number?
True
Let i(l) = -l**3 + 2*l**2 + 2*l - 2. Let k be i(2). Let j(o) = o**2 - o. Let w be j(k). Suppose 110 = w*f + 3*f. Is f prime?
False
Suppose 6*h = h + 5*q + 450, 0 = -2*h - q + 195. Is h a composite number?
True
Let c = 313 + -220. Let l(o) = 345*o**2 - 1. Let w be l(-1). Let r = w - c. Is r composite?
False
Suppose 2*k + 631 = 3*k. Is k a prime number?
True
Suppose -4*c + 20 = -0*c. Suppose n = c*n - 352. Suppose -n = -6*o + 2*o. Is o composite?
True
Let t(f) = -f**3 - 4*f**2 - 3*f + 1. Let p be t(-3). Suppose -3*o - 5 + 41 = 0. Suppose o = z - p. Is z composite?
False
Let i = 7 - 16. Let v be -6*(0 - (-6)/i). Suppose 8*x - 188 = v*x. Is x a prime number?
True
Suppose 4*x - 266 = 154. Suppose 0*j - 5*j = -x. Is j a prime number?
False
Suppose 70 = 2*c + 8. Is c a prime number?
True
Let q(a) = -a - 2. Let t be q(-4). Suppose t*j - z + 76 = -35, -2*j = -4*z + 114. Is (1 + -2)/(5/j) composite?
False
Is ((-154)/6)/(21/(-63)) composite?
True
Let c(t) = t**3 + 6*t**2 - 9*t - 5. Let s be c(-7). Suppose 2*u = -0*b - b + 79, 3*u = -s. Is b prime?
False
Is 88/1 - (-7)/(28/12) a composite number?
True
Let v(u) = 156*u + 10. Suppose -z - 5*b - 7 = 0, -4*z + 5*b = 3 - 50. Let p be v(z). Suppose -2*x = -2*s + 836, -s = 2*s + x - p. Is s prime?
True
Let s(b) = -b**2 - 4*b - 3. Let v be s(-4). Let o(g) be the second derivative of -g**5/10 - g**4/12 + g**3/3 - g**2 + 3*g. Is o(v) a prime number?
True
Let i(a) = 5*a**2 - 3. Let h = 6 + -3. Let q(g) = 2*g**2 - 1. Let x(l) = h*i(l) - 7*q(l). Is x(4) a prime number?
False
Suppose c = -2*q - 1, 4*q - q - 4*c - 15 = 0. Suppose -q = -2*d + 5. Suppose 3*b - 283 = -5*x, 3*b = d*x - 8 + 275. Is b composite?
True
Suppose -2*k = -0*k - 162. Let x = k + -14. Is x composite?
False
Let b(t) = 30*t**2 + 2. Is b(2) prime?
False
Let r = 54 - 23. Suppose -g = r - 164. Is g a composite number?
True
Let o(d) = d**2 - 7*d + 5. Is o(18) composite?
True
Let j(t) = t**3 - 10*t**2 - 12*t + 14. Let l = -22 - -33. Let f be j(l). Suppose a = -5*s + 18, -s + 6 = 2*a - f. Is s a prime number?
True
Suppose m + 3*y - 1471 = 5*y, 5*y = 3*m - 4413. Is m composite?
False
Suppose -2*p + 576 = 146. Is p composite?
True
Suppose 4*g = 2*g. Suppose g = 5*w - 50 - 225. Is (w - 0)*(5 + -4) a prime number?
False
Let l = -2 + 5. Suppose 275 = -8*y + l*y. Let g = 80 + y. Is g a prime number?
False
Is 2072/(-12)*(-3)/2 prime?
False
Suppose 1962 = 5*v + 2*w, -796 = -2*v + 4*w - 2*w. Let a = 659 - v. Is a a prime number?
False
Is -1 + ((-4)/(-16) - 463/(-4)) a composite number?
True
Let u = -8 + 12. Suppose -3*i = -0*i - n - 449, -u*i = -4*n - 604. Is i composite?
False
Suppose -2*f = -7*f - 2*h + 21, -18 = -f - 5*h. Suppose -p + 2*k - 4 = -f*p, 0 = 3*k. Suppose 0 = 2*s - 4*r - 162, 5*s - r = p*r + 433. Is s a composite number?
False
Suppose 7 - 35 = -2*k + 4*o, -3*o = k + 1. Suppose -2*r = 4*g - 38, 4*g + 11 = r - k. Is r a prime number?
True
Is 0 + ((-4)/(-4) - -3388) composite?
False
Suppose y + p - 2 = -3*p, 5*p = -y + 2. Suppose -y*q = -3*q + 14. Is q a composite number?
True
Let o = 34 + -16. Suppose 4*m - o = m. Is 77/(-4)*(-24)/m composite?
True
Let m(f) = f**3 - 5*f**2 + 5*f - 1. Let y be m(4). Is (2/8)/(y/6492) a composite number?
False
Suppose 86 - 20 = 3*o. Suppose -n - o = 5*a - 90, n - 118 = 5*a. Is n a prime number?
False
Let h(v) = -v**3 + 5*v**2 + 2. Let s be h(5). Suppose -o + s*o = 85. Is o a composite number?
True
Suppose 595 - 148 = 3*w. Is w composite?
False
Let p(m) = m**3 - 6*m**2 - 6*m + 4. Let t be p(7). Suppose -4*j + t = -s - j, 10 = 2*j. Suppose -2 = s*n - 4*g + 2, 4*g - 31 = -5*n. Is n a prime number?
True
Let y be 1 + 38 - (2 - 0). Suppose n - y = -0*n. Is n composite?
False
Let p be (-6 - -7)*(6 + -1). Let g(a) = a**2 - 4*a - 2. Is g(p) composite?
False
Let y = 135 - 256. Let z = y - -216. Is z a prime number?
False
Let r(m) = 10*m - 3. Let v(g) = -270*g + 80. Let a(p) = 55*r(p) + 2*v(p). Is a(6) a composite number?
True
Let k(m) = 165*m**2 - 1. Is k(-2) composite?
False
Suppose 0 = 5*m - m - t - 15, -2*t + 35 = 5*m. Suppose -4*n + 0*n = o - 6, 3*n - 30 = -m*o. Suppose o = 2*r + 4*i - 52, 4*r - 3*i = 94. Is r a composite number?
True
Let d(v) = v**3 - 6*v**2 + 5*v - 8. Let u(p) = -p**3 + 5*p**2 - 4*p + 7. Let q(m) = -3*d(m) - 2*u(m). Is q(7) prime?
False
Let p(m) be the third derivative of m**6/360 + m**5/120 + 95*m**4/24 - m**3/6 + 3*m**2. Let t(v) be the first derivative of p(v). Is t(0) a prime number?
False
Suppose 339 = k - 4*s, 332 = k - s + 4*s. Is k composite?
True
Let u(l) = 7*l**3 - 9*l**2 + 11*l - 4. Is u(5) a composite number?
False
Suppose -6*i + 3140 = -2*i - 4*n, -3929 = -5*i + 3*n. Is i a composite number?
False
Let h = -1688 - -3127. Is h composite?
False
Let p(o) = -o + 7151. Is p(0) composite?
False
Let l = -9 + 11. Suppose -l*g - q = -422, -3*g - 5*q + 609 = -24. Is g a prime number?
True
Suppose -3*y - 2*u + 1272 = -427, 0 = -4*y - 2*u + 2262. Is y a prime number?
True
Suppose -8 = -6*p + 4. Suppose f - 5 = 0, -3*f - 3171 = -4*c + p*f. Is c a prime number?
False
Let a be (-2)/3 - 119/(-21). Suppose 0 = 2*z + z - 9, -17 = -a*s + z. Suppose 0*x + 84 = s*x. Is x composite?
True
Suppose 3*q + 47 = 7*q + 5*y, -3*y - 105 = -5*q. Suppose 2*d = -3*p + 81, -2*d - 2*p + 175 = 3*d. Let j = d - q. Is j a composite number?
True
Suppose 0 = 2*f - f + 3, -4*p + 1998 = -2*f. Let y = 956 - p. Suppose -1036 = -4*b + 4*c, -60 - y = -2*b - c. Is b a prime number?
False
Let o be (2 + 0)*(-1)/2. Let q(t) = -149*t**3 - t**2 - t - 1. Let g be q(o). Suppose -u - 3*u = -g. Is u a composite number?
False
Let i(u) be the first derivative of 6*u**2 - 23*u - 5. Is i(16) prime?
False
Let t be ((-39)/(-5))/(1/10). Suppose t = 2*r - r. Let b = r + -53. Is b a composite number?
True
Let z = 28 - -